git of j(d)?
5
What is the hundreds digit of (-1)/2*29752/(-4) - (-78)/13?
7
Let g = 644 - 642. Suppose -459 = -3*h - 0*h - 5*x, 6 = 2*x. Suppose -6*y = -g*y - h. What is the units digit of y?
7
Suppose -37*v + 129344 = -3*v + 30*v. What is the units digit of v?
1
Suppose -3*b - 9 = -6*b. Suppose -p - 3*i = p - 9, -2*i + 21 = b*p. Suppose 0 = 3*f - 0*f - p, 4*a = 4*f + 260. What is the tens digit of a?
6
Let o = -275 + 275. Suppose 0*l + 69 = 3*l. Let b = o + l. What is the units digit of b?
3
Let c(m) = -6*m**2 - 115*m - 15. Let a be c(-19). Suppose 7*i - 4*i + 2*b = 3387, 3387 = 3*i + a*b. What is the tens digit of i?
2
Let l = 1171 + -739. Suppose l - 2958 = -3*a. What is the units digit of a?
2
Let v be (-3)/4 - 236/(-16). What is the hundreds digit of v*(-5)/(-20)*58 - 4?
1
Let r = -8714 - -5402. What is the units digit of 6 - (-1)/((-6)/r)?
8
Suppose 30*s - 7862 - 104975 = 19133. What is the hundreds digit of s?
3
Suppose -16*u = -384076 - 261012. What is the hundreds digit of u?
3
Let u = -626 - 281. Let n = u - -1633. What is the hundreds digit of n?
7
Let w(y) = 2*y**3 - 24*y**2 - 14*y + 17. Let k be w(12). Let x = k + 274. What is the tens digit of x?
2
What is the thousands digit of -11 + 39 + -34 - -76323?
6
Let f = 67862 - 33314. What is the tens digit of f?
4
Suppose -12*b + 41*b - 417875 + 75675 = 0. What is the hundreds digit of b?
8
Suppose -4*g = l - g + 3, -l = g - 1. What is the tens digit of l/(12/(-20)) + 258?
5
What is the tens digit of (24/(-16) - 0)/((-6)/68)?
1
Let s be 8/(1 - 10/4 - -2). Suppose 0 = 2*x - s - 122. Let t = x + 15. What is the units digit of t?
4
Suppose -211*x - 101073 = -218*x. What is the hundreds digit of x?
4
Suppose 0 = 8*g - 29*g + 126. What is the units digit of g/33 + (-35355)/(-55)?
3
Let c(x) = -x**3 + 15*x**2 - 13*x - 12. Let q be c(14). Suppose q*y = 2*j - 8, -6*y = -4*y + 4. What is the units digit of (-2)/(-2) - (-14)/j?
8
Let s = 46 + 9. Let x = 224 - s. What is the units digit of x?
9
Suppose 0 = -157*i - 97*i - 0. Let f be ((-190)/3)/(2/(-6)). Suppose -2*r + f = 2*p - 84, -5*p + 5 = i. What is the hundreds digit of r?
1
Suppose 7*q = s + 214369, -20*q = -16*q + 4*s - 122492. What is the units digit of q?
4
Let k = 88 - -116. Suppose -21*u = 8*u - 58. Suppose -2*v - v + 350 = -5*g, -u*v = 4*g - k. What is the tens digit of v?
1
Suppose -51*c + 31*c - 40 = 0. What is the units digit of 4144/6 - (8/12)/c?
1
Let z(v) be the first derivative of v**4/2 + 28*v**3/3 - 4*v**2 - 46*v + 31. What is the units digit of z(-14)?
6
Suppose -385 = -t - 2*k, -5*k = 5*t - 2314 + 399. Suppose -t = 20*r - 15921. What is the hundreds digit of r?
7
Let g(f) = -2251*f + 2605. What is the hundreds digit of g(-15)?
3
Suppose -2*r + 451 + 227 = 0. Let x(d) = d**3 + 9*d**2 + 8*d - 40. Let j be x(-7). Suppose 2*g + 141 = j*w - r, w = 4*g + 237. What is the hundreds digit of w?
2
Let a be 183*(-13)/(0 + 2/(-4)). Let f = a + -2784. What is the tens digit of f/9 + 8/12?
2
Suppose 15 = 2*g + 3*g. Suppose -3*t - 5*v = 788, 2*v + v + g = 0. Let r = -136 - t. What is the units digit of r?
5
Suppose -64*h = -57*h - 677824. Suppose 52*v + 12*v = h. What is the tens digit of v?
1
Suppose 0*t - t = -35. Let o = t - 36. Let g(u) = -4*u - 2. What is the units digit of g(o)?
2
Suppose -r + 4*f = -2*r + 10404, 2*f = 5*r - 51954. What is the units digit of r?
2
Let a = 4302 + -1516. Suppose -22*g - 168 + a = 0. What is the hundreds digit of g?
1
Let c(b) = -904*b - 12814. What is the hundreds digit of c(-34)?
9
Let r(p) be the second derivative of 0 - 7/6*p**3 - 15/2*p**2 + 23*p + 1/12*p**4. What is the units digit of r(15)?
5
Suppose -820854 = -58*b - 23*b. What is the units digit of b?
4
Suppose 416366 = 14*f + 5*f. Suppose f = 32*k - 8710. What is the tens digit of k?
5
Let n(j) = -2*j**3 + 2*j**2 + 8*j + 17. Let v be n(-5). Suppose -6*u + 2345 = -v. What is the tens digit of u?
3
Let b(k) = k**3 - 9*k**2 + 22*k - 7. Let y be b(6). Suppose w - y*j = -16*j + 586, 5*w - j = 2950. What is the units digit of w?
1
Let u(j) = -40*j - 7*j - 10*j + 4*j - 23. What is the tens digit of u(-12)?
1
Let q(o) = 2*o**2 - 8*o - 15. Suppose l + 216 = 7*l. Let s = -29 + l. What is the tens digit of q(s)?
2
Suppose 3*h - 13*r = -17*r - 9, -3*h - 18 = r. Let o(f) = -2*f**3 - f**2 + f - 15. What is the tens digit of o(h)?
1
Suppose -125574 = -15*h + 361716. What is the thousands digit of h?
2
What is the tens digit of (-6)/(-57)*106627 + 3*56/1596?
2
Let y(m) = 18*m**2 - 8*m - 114. What is the tens digit of y(18)?
7
Suppose 14165 = 4*j - 4*p + p, 0 = -j - p + 3543. Suppose -14*s + j = -0*s. What is the tens digit of s?
5
What is the hundreds digit of (2 - (-6)/(-4))/((-26 + 7)/(-128554))?
3
Let i be (-2)/14 - (-54992)/98. Let n = 138 + -213. What is the tens digit of (-10*5/n)/(2/i)?
8
Suppose -i = -8*j - 26151, -4*i + 70929 = -2*j - 33525. What is the thousands digit of i?
6
Let g(w) = -337*w**3 - 21*w**2 - 119*w + 21. What is the tens digit of g(-5)?
1
Let b(u) = -15*u + 62. Let t be b(4). What is the hundreds digit of 2392/t + (8 - 16)?
1
Suppose -101 = -5*i + 2*g, g = -3*i - 0*g + 65. Let p be 42/9 - (-7)/i. Suppose 4*w = c + 395, -3*w - 2*w = -p*c - 490. What is the tens digit of w?
9
Let u(t) = -t**3 + 5*t**2 - 3*t - 3. Let j be u(5). Let v be (1371/(-9))/(6/j). Suppose 0 = -4*n + 8*n + 2*z - 348, 5*n - v = 3*z. What is the tens digit of n?
8
Let i be 4*(-2)/12 + 570/(-9). Let b be 0 + (-90)/(-12)*i/(-10). Let o = 103 - b. What is the tens digit of o?
5
Suppose i = -2*m + 6481, 3*m + 2*i = 5*m - 6466. Suppose -9*a + 2171 = -m. What is the tens digit of a?
0
Let f = -9070 + 9280. What is the units digit of f?
0
What is the hundreds digit of (-122)/(-793) - 107064/(-26)?
1
Suppose 0 = -4*g + 2*a - 11 - 1, 8 = -3*g + 2*a. Let q be (-57)/12 - -1*1/g. Let o(p) = -24*p - 16. What is the hundreds digit of o(q)?
1
Suppose 515414 + 5847283 + 3650947 = 362*a. What is the units digit of a?
2
Let d(y) = 583*y - 83. Suppose 4*n + 5*t - 12 = 0, -4*n - t + 1 = -11. What is the hundreds digit of d(n)?
6
Let h = 43851 - 25620. What is the thousands digit of h?
8
Suppose -5*c - k = 11, 2*c - 3*k = -2*c - 5. Let n be (168 - 0)/((c - -1)*-1). What is the tens digit of (-24)/n + 946/7?
3
Suppose o = -230*b + 227*b + 4361, 0 = -4*b - 20. What is the tens digit of o?
7
Suppose -66*b + 1928 = -124*b + 66*b. What is the units digit of b?
1
Let i(a) = -2*a**3 + 44*a**2 - 62*a - 26. What is the hundreds digit of i(-11)?
6
Suppose -453*k + 494*k - 178965 = 0. What is the thousands digit of k?
4
Suppose -1499*o + 16737 = -1496*o. What is the hundreds digit of o?
5
What is the ten thousands digit of 1582/339 + (-122948)/(-6)?
2
Let s(w) = -3007*w + 8447. What is the tens digit of s(-19)?
8
Let y be (-18)/4*(-3 + -464)*2. Suppose 16*h - 11*h - y = -3*q, -12 = 3*q. What is the tens digit of h?
4
Let z = 89 - 144. Let g = 376 + z. What is the hundreds digit of g?
3
Let y(a) = a**3 - 58*a**2 + 39*a - 299. What is the thousands digit of y(59)?
5
Let z(p) = 2*p**2 - 25*p + 15. Let r be z(13). What is the units digit of 4529/r*4 - -6?
3
Suppose -9673 = -3*z - 1849. Suppose -896 - z = -6*a. What is the tens digit of a?
8
Suppose -w - 2*w = -1770. Let h = 839 - w. Suppose 3*v - 6*v = -r - 249, 3*v - 4*r = h. What is the units digit of v?
3
Let h be (-2)/(-3 + 48/10 - 2). What is the units digit of 4142/h - 48/(-60)?
5
Suppose 7424 = 4*x + 4*r, -5*x - 5*r + 1872 = -4*x. Suppose -6*f + 2*f = -x. Suppose -4*n + 65 + f = 4*m, -3*m = 4*n - 399. What is the tens digit of m?
2
Suppose -2*x = 4*i + 2458, 2*x - 6*x = -5*i - 3040. Let y = i - -967. What is the tens digit of y?
5
Suppose -40047 = -3*y + 3*q, -5*q + 4*q - 66749 = -5*y. What is the units digit of y?
0
Suppose -5*w + 107 + 143 = 0. Let b(n) = n**3 + 5*n**2 - 5*n + 11. Let l be b(-6). Suppose 3*o - l*r - 69 = 0, 5*o = -r + w + 93. What is the units digit of o?
8
Suppose -7*u + 35994 = -390978. Suppose -24*t - 27*t + u = 0. What is the hundreds digit of t?
1
Suppose -3*q - 15*m + 20*m + 80 = 0, 3*q - 3*m - 84 = 0. Let a(r) = -3*r + 9. Let u be a(8). What is the tens digit of (-1899)/u - (-12)/q?
2
Let u(r) = 57*r + 227. Let z be u(-4). Let o(y) be the second derivative of 51*y**4/4 - y**3/2 - y**2 - y. What is the units dig